) = p**3 - 6*p**2 - 8*p - 1. Calculate q(t).
-8
Suppose 0*u - u - 6 = 0. Let t(i) = 16*i - 8*i + 12 - 3 + 491*i**2 - 490*i**2. Calculate t(u).
-3
Let x = -39820 - -39814. Let o(z) = -z**3 - 4*z**2 + 12*z. Let n(g) = g + 1. Let y(p) = -5*n(p) + o(p). Determine y(x).
25
Let x(k) = k + 8. Let h(c) = -6*c - 65. Let n(q) = h(q) + 2*x(q). Give n(-19).
27
Let h(k) = -682*k**2 + 329*k**2 + 27 + 337*k**2 - 2*k**3 - 10*k. Determine h(-7).
-1
Let b(g) = -12*g - 1. Suppose 2*p = -3*p + 30. Let m(k) = 43*k + 11 - k**2 + 26*k - 87*k + 22*k. Let c be m(p). Give b(c).
11
Let d(v) = 6*v - 41. Let c be d(11). Suppose -55 = -10*w - c. Let l(b) = 3*b + 2. Calculate l(w).
11
Let k be 53/4 + 12/16. Suppose -7 = -5*l + 33. Let i(q) = -l + k - 6 + q. Determine i(5).
5
Let l(i) = -i**3 + 12*i**2 - 15*i + 10. Let h be 396/(-24)*80/(-120). Calculate l(h).
-34
Let z(m) = 1 - 6 + 4 + 180*m**2 + 11*m**3 - 178*m**2. Suppose 4*g - 16 = 0, -3*g - 14 = 2*l - 6*g. Calculate z(l).
-10
Let q(z) be the second derivative of 0 + 1/6*z**3 + 3/2*z**2 + 52*z. Determine q(-5).
-2
Let c(n) = n**2 - 8*n - 50. Let p be c(12). Let u(f) = f**2 + 22*f + 44. Let q be u(p). Let k(a) = a**2 - 3*a - 2. Determine k(q).
2
Let u(z) = 2*z**2 + 4*z - 133. Let p(h) = 12*h**2 - 84*h - 9. Let c be p(7). Let t be u(c). Let w(k) = -3*k - 6 - 4*k - 2*k - k**2. Determine w(t).
8
Let s(z) be the third derivative of z**4/24 + 3*z**3 + z**2 - 63. Calculate s(-16).
2
Let j(z) = 4*z + 8. Let u(a) = 5*a + 8. Let q(t) = 6*j(t) - 5*u(t). Let d(i) = -2*i**2 - 138*i - 2314. Let x be d(-29). Give q(x).
2
Let g be ((-33)/(-6) + -5)/((-3)/(-12)). Let d(a) = a**3 - 2*a + 68*a**2 - 65*a**2 - 3*a**3 + g. Give d(2).
-6
Let p(h) = -h**2 - 3*h + 128. Suppose 0 = 3*i - 3, 0 = -5*l + 57*i - 54*i - 68. Give p(l).
-2
Let o(w) = w**3 + 16*w**2 + 17*w + 21. Let a be 208/(-24)*3 - -11. Give o(a).
-9
Let z(i) = -4*i - 57. Let a(n) = -26*n - 360. Let o(v) = 6*a(v) - 37*z(v). Calculate o(-6).
-3
Let z be (9 - 7)*(-36)/(-24) - 11. Let p(x) = -x**2 - 5*x + 17. Give p(z).
-7
Let f(g) = -3*g + 26 - 1 - 8 + 64. Give f(26).
3
Let l(c) = c**2 + 10*c + 9. Suppose 1 = -11*t - 32. Let v = t - 5. What is l(v)?
-7
Let f(l) = l**2 + 26*l + 19035 + 19121 - 38043. Determine f(-5).
8
Let p(n) = -10*n + 74. Let g(z) = -z**3 + 3*z**2 + 92*z - 37. Let t be g(11). Determine p(t).
4
Suppose 4*k + 5*m = 32, -m + 21 = 4*k + 5. Suppose -4*s + 0*s - 47 = -5*l, -s + k*l = 17. Let z(b) = b**2 + 7*b - 3. Determine z(s).
5
Let j(g) = -2*g + 21. Suppose 5*v + 7 = 2*h + 6*v, -3*h = 5*v + 7. Give j(h).
9
Let t(f) = 6*f + 34. Let l(k) = 2*k + 11. Let m(r) = 2*r**2 - 15*r + 18. Let b be m(4). Let o(w) = b*l(w) + 3*t(w). What is o(-5)?
2
Let n = -8 - -5. Let a(d) = -2*d**2 + 2*d + 44. Let r be a(5). Let c(v) = 66 + 3*v - r*v - v - 134 + 71. Determine c(n).
9
Let t(v) be the first derivative of -5*v**2/2 - 24*v + 2101. Give t(-8).
16
Let m(q) = -q**3 + 5*q**2 - 4*q + 2. Let y = -41 - -59. Suppose 66 - y = 4*u. Suppose 4*t = t + u. Give m(t).
2
Let d(o) be the second derivative of -o**3 - 25*o**2/2 - 1956*o - 1. What is d(-19)?
89
Let j be (-19 + 18)*6*(-2)/4. Let g(h) = 3. Let o(d) = d + 11. Let m(l) = 18*g(l) - 4*o(l). Determine m(j).
-2
Let t(l) = l**3 - 7. Suppose 27 = 4*f + 3*v, 6*f + v - 31 = f. Let i(x) = x - 1. Let c be i(f). Suppose -c*g = 7*g. Determine t(g).
-7
Let q be -4*(2 + 3)/(-10). Let a(y) = 5*y - 71. Suppose 30 = w + 19. Let v(h) = -h + 14. Let r(o) = q*a(o) + w*v(o). Calculate r(7).
5
Let d(o) = -2*o. Suppose -5*x - p = -3*x - 1638, -p - 1638 = -2*x. Let q be (-12)/(-54)*x/14. Give d(q).
-26
Let c(u) = -67*u - 5*u**2 - 63*u + 3 + 7 + 3*u**2 + 127*u. What is c(5)?
-55
Suppose 2*z + 12*f = 52, -3*f - 1 = -11*z + 15*z. Let q(r) = -r**3 - 2*r**2 + 6*r - 4. Calculate q(z).
4
Let u be (-2)/(-1 - (-1)/2). Let y(w) = -15*w + 23*w - 5*w + 4*w**2 - 11 - w**3 - w**3 + 13 + w**3. Calculate y(u).
14
Let l(p) be the first derivative of p**3/3 + 10*p**2 + 66*p + 1669. Calculate l(-4).
2
Let z(q) = -5*q**2 + 67*q + 10. Let v(d) = -d**3 - 6*d**2 - 18*d - 35. Let w be v(-3). Let c(g) = -2*g**2 + 23*g + 3. Let u(j) = w*c(j) + 3*z(j). Give u(-17).
6
Suppose -18*u + 110 = -7*u. Let n(s) = -22*s + 2 + 33*s - u*s. Determine n(0).
2
Suppose 20*n = 21*n - 2. Let h(d) = -7*d**3 + 1 + 44*d - 41*d + 4*d**3 + n*d**2 + d**3. Give h(-2).
19
Let k(r) = -3 + 0*r**3 - 11*r**2 + 2*r**3 - 3*r**3. Let j = -196805 + 196794. Calculate k(j).
-3
Suppose -3*i = 4*x - 16, -59*i - x = -61*i - 4. Let o(j) be the second derivative of 0*j**2 - 4/3*j**3 + i - 47*j. What is o(1)?
-8
Let x(j) = 7*j + 18*j - 8*j - 7*j. Let b = -189 + 190. Determine x(b).
10
Let a = -1152 + 1156. Let h(n) = 4*n - 11. Determine h(a).
5
Let q(x) be the third derivative of x**6/24 + x**4/6 - 2*x**3/3 - 797*x**2. Calculate q(1).
5
Let y(l) = l**3 + 3*l**2 + 5*l - 2. Suppose -16*d = -4*d - 792. Suppose -d = 12*w - 18. Determine y(w).
-38
Let u(m) = -m**2 - 9*m - 1. Suppose 16 = q - 5*q, 2*q - 112 = -2*k. Let t = k + -56. Suppose 0 = 2*o + 12 - t. What is u(o)?
19
Suppose -17*j + 893 = 247. Suppose -8*n + 5*n + h = -22, -4*n + j = 3*h. Let p(o) = -o**2 + 13*o + 4. What is p(n)?
44
Let a(x) = 18*x - 7. Suppose 0 = -40*m - 8*m - 28 + 412. What is a(m)?
137
Let r(f) = 2*f + 10. Let y be (68/(-170))/(-2 - 747/(-375)). Let v be 8/10*y/(-4). What is r(v)?
-10
Let d(i) = -76*i**3 - i**2. Suppose -569*r + 573*r = 4. What is d(r)?
-77
Let k(w) = -w**3 + 7*w**2 - 13*w + 6. Suppose 12*q + 0*q - 48 = 0. Let l be k(q). Let x(n) = -1 - n**l + 58*n - 31*n - 33*n. Calculate x(-5).
4
Let q(l) = -3*l + 4*l + 6*l**2 - l**3 - 3 - 10*l + 27 + 5*l**2. Give q(10).
34
Let f = -477 - -482. Let t(q) = -2*q - f + q**3 - 49*q**2 + 2 + 53*q**2 + 6. Calculate t(-4).
11
Let t(d) = 57982*d + 1 + 27 - 57987*d. What is t(6)?
-2
Let q(i) = 2*i**3 + 3*i**2 + 2*i + 1. Suppose 0*a - 6*a = 0. Suppose -5*y + 0 = -4*x - 10, 4*x + y - 2 = a. Let v be (x - 2/(-1))*-1. What is q(v)?
-7
Let a(t) = t**3 + 77*t**2 + 4. Let k be a(-77). Let f(b) = 3*b**2 - 2*b - 4. Give f(k).
36
Let f(w) = w**2 - 8*w - 30. Suppose -21*s = 8*s - 17*s - 144. Determine f(s).
18
Let p(g) = -g - 5. Let q be -2*5/((-40)/28). Suppose 8*o + 11 = q*o. Calculate p(o).
6
Let u(d) = 2 + 2 + d - 5. Let m(y) = -y**2 - 12 - 11 - 4 - 3 - 12*y. Let b be m(-8). What is u(b)?
1
Let d(y) = 5*y - 4*y**3 - 98 - 15*y + 99 + 12*y + 2*y**2. What is d(-2)?
37
Let y(p) = 2 - 187*p + 17 + 167*p. What is y(2)?
-21
Let b(z) be the second derivative of z**5/20 + z**4/4 - 13*z**3/6 - 15*z**2/2 + 4*z - 54. Calculate b(-5).
0
Let c be 484/110 - (0 + (-4)/(-10)). Let k(v) = v**2 - 6*v + 14. Let g be k(c). Let t(m) = -3 - 2*m**2 - 4*m**3 - 6*m + g + 4*m**3 + m**3. Determine t(4).
11
Let c = -244 - -246. Let o = -4 + 7. Let d(u) = c*u**3 - 5 - 3*u**3 + 2*u**2 - o*u - 7*u**2. Calculate d(-5).
10
Let p(j) = -22*j**2 + 15*j + 21. Let k be p(-1). Let l(n) = -n**3 - 16*n**2 + 4*n + 65. What is l(k)?
1
Let x(h) = 9*h + 137. Suppose 0 = 8*v - 7 + 135. Let l be x(v). Let b(c) = -2*c - 11. Calculate b(l).
3
Let w(l) = -25*l**3 - 7*l - 7*l**3 + 2*l + 8 + 50*l**3 - 10*l**3 - 3*l**2 - 7*l**3. Let f = 11 - 7. What is w(f)?
4
Suppose 0*q + 2*k = -q - 10, -5*k = 4*q + 28. Let x be (1 + 0 - q)*3. Let s be (2 + (-24)/x)*6. Let j(p) = -p**2 - 4*p + 5. What is j(s)?
5
Let j(p) = -p**2 - 27*p - 10. Let d be j(-6). Let t = d + -122. Let u(c) = -c - 2 - c + 3*c. Give u(t).
-8
Let w(s) be the second derivative of s**3/2 + 39*s**2/2 + 2294*s. Calculate w(-9).
12
Let x(q) = 3*q**3 - 4*q**2 + 2*q. Suppose -11*p + 8*p = 207. Let j = 76 + p. Let g(s) = -s**3 + 8*s**2 - 8*s + 9. Let t be g(j). Calculate x(t).
12
Suppose 9*v - 12 = 6*v. Suppose -4*n - 2 = 2*z, 21 + v = 5*n - 3*z. Let j(i) = 3*i + n - 5 + 0 - 4*i. What is j(-6)?
3
Let n(c) = c**3 + 5*c**2 - 4*c + 8. Let x be n(-6). Let u(y) = -2 - 4*y + 1 - 423*y**2 + 842*y**2 - 421*y**2 + 2. Determine u(x).
-15
Suppose 24 = 5*f + 5*u - 2*u, 0 = 3*f - 3*u. Let y(z) = 6 + 0 + 6*z**3 + z**3 - 6*z**2 - f*z**3 - 3*z**3. Let v be 1 + 1*4*1. Give y(v).
-19
Let n be (-1)/(4 - 4010/1002). Let m = n + -496. Let c(o) = o**2 + o - 1. Let j(r) = 4*r**2 + 13*r - 10. Let q(a) = -6*c(a) + j(a). Give q(m).
-19
Let v(t) = 29*t + 25. Let j(y) = 112*y + 96. Let q(h) = -6*j(h) + 23*v(h). Let m be -1*(-1 + -2 - 1). What is